3
In base 2, what is 1111111 + -10?
1111101
In base 2, what is 1001 - 100?
101
In base 8, what is -1 + 360?
357
In base 13, what is 0 - c?
-c
In base 8, what is 23 + -4?
17
In base 10, what is 47 - -2?
49
In base 14, what is d + 167?
176
In base 15, what is -48a + 14?
-476
In base 9, what is -370 - 10?
-380
In base 13, what is 4 + -73?
-6c
In base 4, what is -122210 - -2?
-122202
In base 4, what is -113 - -20300?
20121
In base 6, what is -1 - 30?
-31
In base 4, what is -1030 - -2?
-1022
In base 6, what is -21 + 1303?
1242
In base 14, what is 3 + 5b?
60
In base 13, what is -56 - -3?
-53
In base 14, what is 67d - -2?
681
In base 7, what is 3 - -50?
53
In base 14, what is -9c1 + 8?
-9b7
In base 12, what is 2 + 249?
24b
In base 15, what is 16 + -8?
d
In base 13, what is -3 - -12?
c
In base 7, what is 115 - -110?
225
In base 8, what is -355 - 154?
-531
In base 10, what is 132 - -3?
135
In base 15, what is -1 - 1073?
-1074
In base 14, what is 43 - 0?
43
In base 7, what is -5 + 11344?
11336
In base 2, what is -1000 + -1001001011?
-1001010011
In base 4, what is -33 - -11?
-22
In base 11, what is 3 - -593?
596
In base 8, what is 0 - -150?
150
In base 7, what is 16 + -216?
-200
In base 4, what is -133 - -1?
-132
In base 8, what is -40 - 63?
-123
In base 5, what is 2 - -1413?
1420
In base 2, what is 100111 + 10000?
110111
In base 16, what is -6 - -a4?
9e
In base 12, what is 319 - 0?
319
In base 5, what is 113 + 32?
200
In base 9, what is 18 - -1?
20
In base 10, what is 1389 + 3?
1392
In base 13, what is -7 - 10?
-17
In base 12, what is 7a - 21?
59
In base 4, what is 333 + -2?
331
In base 11, what is 64 - -a3?
157
In base 11, what is 5886 + -2?
5884
In base 10, what is -1012 - -4?
-1008
In base 15, what is -11 + c?
-4
In base 16, what is -1 + -37?
-38
In base 12, what is -16 - 5?
-1b
In base 5, what is 4120 + 22?
4142
In base 5, what is 2 + -112?
-110
In base 3, what is 11 + -10?
1
In base 8, what is 675 - 130?
545
In base 2, what is -1000010 + 100000?
-100010
In base 2, what is -11000 + -10011?
-101011
In base 13, what is 5 + -21a?
-215
In base 12, what is 1 - 893?
-892
In base 11, what is -313 - 2?
-315
In base 9, what is 81 - -2?
83
In base 9, what is -15 + -260?
-275
In base 14, what is aa0 + 3?
aa3
In base 2, what is 10 - -1000101000?
1000101010
In base 2, what is 100 - 111000?
-110100
In base 8, what is -2133 + -5?
-2140
In base 6, what is -11 + -5?
-20
In base 2, what is -1011 + -10101?
-100000
In base 2, what is -101 + -1000111?
-1001100
In base 5, what is 11 - -41412?
41423
In base 3, what is -2021 + -1?
-2022
In base 14, what is 8 - -152?
15a
In base 12, what is 5 + -24?
-1b
In base 11, what is -55 + 159?
104
In base 3, what is -10 - -110?
100
In base 4, what is -1 - 212211?
-212212
In base 7, what is -1 - 130?
-131
In base 9, what is 15 + -25?
-10
In base 5, what is 1434 - 14?
1420
In base 15, what is 0 + -a?
-a
In base 4, what is -1033 - -2?
-1031
In base 14, what is 3 - 81?
-7c
In base 13, what is -97 - 3?
-9a
In base 13, what is -5 - 66?
-6b
In base 12, what is 5a + 1?
5b
In base 10, what is -30 - 180?
-210
In base 3, what is 100101 - -1?
100102
In base 5, what is 1 - -404?
410
In base 5, what is 3 - -12403?
12411
In base 6, what is 2 + -3330?
-3324
In base 16, what is 782 + 3?
785
In base 2, what is -10110 + 10011?
-11
In base 14, what is -5 - -733?
72c
In base 6, what is 25 - -5?
34
In base 2, what is -101011 + 1111?
-11100
In base 13, what is 13 + -1?
12
In base 3, what is -2021 - -2?
-2012
In base 6, what is 10 - -42?
52
In base 8, what is 2612 - -4?
2616
In base 16, what is -3 + -3c?
-3f
In base 11, what is -25 - -58?
33
In base 15, what is -96 + 2?
-94
In base 2, what is -100011000011 - 100?
-100011000111
In base 14, what is 3 + 0?
3
In base 12, what is 0 + -34?
-34
In base 2, what is 10010011110 - 0?
10010011110
In base 4, what is -1 + -111?
-112
In base 11, what is 1 - -a83?
a84
In base 12, what is 5 + -320?
-317
In base 11, what is 7 + -921?
-915
In base 9, what is 5 - -240?
245
In base 16, what is -7 - -12?
b
In base 3, what is 12121 - -1?
12122
In base 9, what is -3 + 50?
46
In base 10, what is 18 - 224?
-206
In base 16, what is -86 - -6?
-80
In base 12, what is ba4 - -2?
ba6
In base 15, what is 8d + d?
9b
In base 10, what is 28 - 189?
-161
In base 3, what is -11011 + 21?
-10220
In base 7, what is 5 + -36051?
-36043
In base 11, what is -1600 - -3?
-15a8
In base 14, what is -26 - -76?
50
In base 7, what is -3522 - -21?
-3501
In base 5, what is 11 + -121?
-110
In base 2, what is 100111 + -10000?
10111
In base 15, what is -3 - -2a?
27
In base 7, what is -131 - -361?
230
In base 16, what is b + -74?
-69
In base 15, what is -b - -8?
-3
In base 4, what is 12 - 12030?
-12012
In base 7, what is -555 + 13?
-542
In base 6, what is 45 + 5?
54
In base 16, what is -8c + -3?
-8f
In base 14, what is 4 + b?
11
In base 14, what is 0 - -7c?
7c
In base 7, what is -4 - 3?
-10
In base 16, what is 2 - fc5?
-fc3
In base 3, what is -2 + 1010?
1001
In base 5, what is 0 + -143?
-143
In base 7, what is -4 - -5?
1
In base 7, what is -1 - 3443?
-3444
In base 16, what is -1 - -ca?
c9
In base 7, what is 410 + 3?
413
In base 7, what is -2 + -356?
-361
In base 2, what is 10 + -1000011100?
-1000011010
In base 9, what is 6 + 3477?
3484
In base 6, what is 135 - 4?
131
In base 13, what is 4 - -45?
49
In base 12, what is -46 - -293?
249
In base 15, what is 2a - 4?
26
In base 4, what is 13202 - 301?
12301
In base 6, what is 0 + 41?
41
In base 5, what is -234 + 13?
-221
In base 12, what is 569 + -3?
566
In base 5, what is 4 + -144?
-140
In base 9, what is 8266 - 2?
8264
In base 11, what is -267 + -8?
-274
In base 14, what is -c + -3?
-11
In base 8, what is -162 - 0?
-162
In base 4, what is -1 - -130?
123
In base 6, what is 5 + 332?
341
In base 10, what is -4 - -187?
183
In base 3, what is -10 - -12210?
12200
In base 15, what is 2db - 2?
2d9
In base 9, what is -12 - 3?
-15
In base 5, what is 204023 - -3?
204031
In base 12, what is -68 + 6?
-62
In base 5, what is -1 + 34?
33
In base 4, what is -22 + 11?
-11
In base 12, what is 1 + 4?
5
In base 10, what is -4 - 64?
-68
In base 5, what is 12212 - 33?
12124
In base 2, what is 10000010 - -10110?
10011000
In base 6, what is 13203 + -3?
13200
In base 8, what is -142 + 347?
205
In base 10, what is -321 - 4?
-325
In base 14, what is 4dd + 3?
502
In base 2, what is 100001 + 111111?
1100000
In base 5, what is -33443 - -1?
-33442
In base 6, what is 2 - -50?
52
In base 5, what is -11422 + -1?
-11423
In base 6, what is -5 - -131?
122
In base 16, what is -1a - 5?
-1f
In base 16, what is -1 + 853?
852
In base 9, what is -5232 + 1?
-5231
In base 7, what is -3 - 241?
-244
In base 14, what is 0 + d?
d
In base 10, what is -5 - 42?
-47
In base 7, what is 552 - -1?
553
In base 5, what is -40 + 23?
-12
In base 13, what is -1 - 7c?
-80
In base 12, what is -144 - -3?
-141
In base 3, what is -222 + 2211?
1212
In base 15, what is -1 - -176?
175
In base 8, what is 2 + 507?
511
In base 8, what is 14223 - 0?
14223
In base 14, what is -b22 - 6?
-b28
In base 15, what is -1 + 40d?
40c
In base 7, what is 21 - 255?
-234
In base 7, what is 61234 - -2?
61236
In base 3, what is -1012 + 122?
-120
In base 14, what is 0 - -57?
57
In base 7, what is 554 + -1?
553
In base 5, what is 0 - -321?
321
In base 5, what is 1041 + 2?
1043
In base 8, what is 22 - 10?
12
In base 2, what is 10001 - 100001?
-10000
In base 14, what is 10 - 150?
-140
In base 4, what is 111 + -113?
-2
In base 4, what is -3 - 12203?
-12212
In base 11, what is 2 + -147?
-145
In base 13, what is -9 - -3?
-6
In base 12, what is 0 + -31?
-31
In base 12, what is -16 + -10?
-26
In base 5, what is -1040 - 1?
-1041
In base 11, what is 0 - -18?
18
In base 14, what is 5 + -1?
4
In base 15, what is 12d + e?
13c
In base 7, what is -242 + 5?
-234
In base 8, what is 0 + 6323?
6323
In base 3, what is 22 + 1121?
1220
In base 15, what is 7 + -12b?
-124
In base 12, what is 1 + -3a4?
-3a3
In base 5, what is -10 - -31?
21
In base 9, what is 22 - 4?
17
In base 16, what is 5 - 3e?
-39
In base 14, what is 10 + 161?
171
In base 16, what is -523 + -2?
-525
In base 6, what is -3 + -4?
-11
In base 13, what is -4 + 10?
9
In base 3, what is -1001 + -101122?
-102200
In base 16, what is 139 - -9?
142
In base 6, what is 24